{"id":97,"date":"2020-12-09T11:51:03","date_gmt":"2020-12-09T11:51:03","guid":{"rendered":"https:\/\/shop.klangkling.at\/?post_type=product&#038;p=97"},"modified":"2025-06-17T20:54:46","modified_gmt":"2025-06-17T20:54:46","slug":"donnertrommel","status":"publish","type":"product","link":"https:\/\/shop.klangkling.at\/index.php\/product\/donnertrommel\/","title":{"rendered":"Donnerrohr"},"content":{"rendered":"<p>Die Donnertrommel ist ein tolles Instrument, um Geschichten zu untermalen oder f\u00fcr das Theaterspiel. Durch sch\u00fctteln der R\u00f6hre wird die Feder die nach unten h\u00e4ngt zum schwingen gebracht. Die wiederum \u00fcber die Membran geleitet und in der R\u00f6hre verst\u00e4rkt wird. Durch \u00f6ffnen und schlie\u00dfen der \u00d6ffnung kann der Ton moduliert werden. Mann kann auch ganz gut hineint\u00f6nen, was der Stimme einen Hall verleiht.<\/p>\n<div id='gallery-1' class='gallery galleryid-97 gallery-columns-2 gallery-size-medium'><figure class='gallery-item'>\n\t\t\t<div class='gallery-icon landscape'>\n\t\t\t\t<a href='https:\/\/shop.klangkling.at\/?attachment_id=86'><img loading=\"lazy\" decoding=\"async\" width=\"300\" height=\"300\" src=\"https:\/\/shop.klangkling.at\/wp-content\/uploads\/2020\/12\/Donnerrohr-300x300.jpg\" class=\"attachment-medium size-medium\" alt=\"\" aria-describedby=\"gallery-1-86\" srcset=\"https:\/\/shop.klangkling.at\/wp-content\/uploads\/2020\/12\/Donnerrohr-300x300.jpg 300w, https:\/\/shop.klangkling.at\/wp-content\/uploads\/2020\/12\/Donnerrohr-1024x1024.jpg 1024w, https:\/\/shop.klangkling.at\/wp-content\/uploads\/2020\/12\/Donnerrohr-150x150.jpg 150w, https:\/\/shop.klangkling.at\/wp-content\/uploads\/2020\/12\/Donnerrohr-768x768.jpg 768w, https:\/\/shop.klangkling.at\/wp-content\/uploads\/2020\/12\/Donnerrohr-1536x1536.jpg 1536w, https:\/\/shop.klangkling.at\/wp-content\/uploads\/2020\/12\/Donnerrohr-2048x2048.jpg 2048w, https:\/\/shop.klangkling.at\/wp-content\/uploads\/2020\/12\/Donnerrohr-1200x1200.jpg 1200w, https:\/\/shop.klangkling.at\/wp-content\/uploads\/2020\/12\/Donnerrohr-1980x1980.jpg 1980w, https:\/\/shop.klangkling.at\/wp-content\/uploads\/2020\/12\/Donnerrohr-450x450.jpg 450w, https:\/\/shop.klangkling.at\/wp-content\/uploads\/2020\/12\/Donnerrohr-600x600.jpg 600w, https:\/\/shop.klangkling.at\/wp-content\/uploads\/2020\/12\/Donnerrohr-100x100.jpg 100w\" sizes=\"auto, (max-width: 300px) 100vw, 300px\" \/><\/a>\n\t\t\t<\/div>\n\t\t\t\t<figcaption class='wp-caption-text gallery-caption' id='gallery-1-86'>\n\t\t\t\tDonnertrommel\n\t\t\t\t<\/figcaption><\/figure><figure class='gallery-item'>\n\t\t\t<div class='gallery-icon landscape'>\n\t\t\t\t<a href='https:\/\/shop.klangkling.at\/?attachment_id=98'><img loading=\"lazy\" decoding=\"async\" width=\"300\" height=\"300\" src=\"https:\/\/shop.klangkling.at\/wp-content\/uploads\/2020\/12\/Farbauswahl-Donner-300x300.jpg\" class=\"attachment-medium size-medium\" alt=\"\" aria-describedby=\"gallery-1-98\" srcset=\"https:\/\/shop.klangkling.at\/wp-content\/uploads\/2020\/12\/Farbauswahl-Donner-300x300.jpg 300w, https:\/\/shop.klangkling.at\/wp-content\/uploads\/2020\/12\/Farbauswahl-Donner-1024x1024.jpg 1024w, https:\/\/shop.klangkling.at\/wp-content\/uploads\/2020\/12\/Farbauswahl-Donner-150x150.jpg 150w, https:\/\/shop.klangkling.at\/wp-content\/uploads\/2020\/12\/Farbauswahl-Donner-768x768.jpg 768w, https:\/\/shop.klangkling.at\/wp-content\/uploads\/2020\/12\/Farbauswahl-Donner.jpg 1536w, https:\/\/shop.klangkling.at\/wp-content\/uploads\/2020\/12\/Farbauswahl-Donner-1200x1200.jpg 1200w, https:\/\/shop.klangkling.at\/wp-content\/uploads\/2020\/12\/Farbauswahl-Donner-450x450.jpg 450w, https:\/\/shop.klangkling.at\/wp-content\/uploads\/2020\/12\/Farbauswahl-Donner-600x600.jpg 600w, https:\/\/shop.klangkling.at\/wp-content\/uploads\/2020\/12\/Farbauswahl-Donner-100x100.jpg 100w\" sizes=\"auto, (max-width: 300px) 100vw, 300px\" \/><\/a>\n\t\t\t<\/div>\n\t\t\t\t<figcaption class='wp-caption-text gallery-caption' id='gallery-1-98'>\n\t\t\t\tFarbauswahl\n\t\t\t\t<\/figcaption><\/figure>\n\t\t<\/div>\n\n<audio class=\"wp-audio-shortcode\" id=\"audio-97-1\" preload=\"none\" style=\"width: 100%;\" controls=\"controls\"><source type=\"audio\/mpeg\" src=\"https:\/\/shop.klangkling.at\/wp-content\/uploads\/2020\/12\/Donnertrommel.mp3?_=1\" \/><a href=\"https:\/\/shop.klangkling.at\/wp-content\/uploads\/2020\/12\/Donnertrommel.mp3\">https:\/\/shop.klangkling.at\/wp-content\/uploads\/2020\/12\/Donnertrommel.mp3<\/a><\/audio>\n<p>&nbsp;<\/p>\n","protected":false},"excerpt":{"rendered":"<p>Die Donnertrommel ist ein tolles Instrument, um Geschichten zu untermalen oder f\u00fcr das Theaterspiel. Durch sch\u00fctteln der R\u00f6hre wird die Feder die nach unten h\u00e4ngt zum schwingen gebracht. Die wiederum \u00fcber die Membran geleitet und in der R\u00f6hre verst\u00e4rkt wird. Durch \u00f6ffnen und schlie\u00dfen der \u00d6ffnung kann der Ton moduliert werden. Mann kann auch ganz [&hellip;]<\/p>\n","protected":false},"featured_media":86,"comment_status":"open","ping_status":"closed","template":"","meta":[],"product_brand":[],"product_cat":[57,15],"product_tag":[59,60,66,52,58,67],"class_list":{"0":"post-97","1":"product","2":"type-product","3":"status-publish","4":"has-post-thumbnail","6":"product_cat-effektinstrument","7":"product_cat-rhythmusinstrumente","8":"product_tag-donnerrohr","9":"product_tag-donnertrommel","10":"product_tag-effektinstrument","11":"product_tag-kinderinstrument","12":"product_tag-thundertube","13":"product_tag-windinstrument","15":"first","16":"outofstock","17":"shipping-taxable","18":"purchasable","19":"product-type-simple"},"_links":{"self":[{"href":"https:\/\/shop.klangkling.at\/index.php\/wp-json\/wp\/v2\/product\/97","targetHints":{"allow":["GET"]}}],"collection":[{"href":"https:\/\/shop.klangkling.at\/index.php\/wp-json\/wp\/v2\/product"}],"about":[{"href":"https:\/\/shop.klangkling.at\/index.php\/wp-json\/wp\/v2\/types\/product"}],"replies":[{"embeddable":true,"href":"https:\/\/shop.klangkling.at\/index.php\/wp-json\/wp\/v2\/comments?post=97"}],"wp:featuredmedia":[{"embeddable":true,"href":"https:\/\/shop.klangkling.at\/index.php\/wp-json\/wp\/v2\/media\/86"}],"wp:attachment":[{"href":"https:\/\/shop.klangkling.at\/index.php\/wp-json\/wp\/v2\/media?parent=97"}],"wp:term":[{"taxonomy":"product_brand","embeddable":true,"href":"https:\/\/shop.klangkling.at\/index.php\/wp-json\/wp\/v2\/product_brand?post=97"},{"taxonomy":"product_cat","embeddable":true,"href":"https:\/\/shop.klangkling.at\/index.php\/wp-json\/wp\/v2\/product_cat?post=97"},{"taxonomy":"product_tag","embeddable":true,"href":"https:\/\/shop.klangkling.at\/index.php\/wp-json\/wp\/v2\/product_tag?post=97"}],"curies":[{"name":"wp","href":"https:\/\/api.w.org\/{rel}","templated":true}]}}