{"id":58,"date":"2020-12-03T20:34:09","date_gmt":"2020-12-03T20:34:09","guid":{"rendered":"https:\/\/shop.klangkling.at\/?post_type=product&#038;p=58"},"modified":"2020-12-03T20:34:10","modified_gmt":"2020-12-03T20:34:10","slug":"tok-tok","status":"publish","type":"product","link":"https:\/\/shop.klangkling.at\/index.php\/product\/tok-tok\/","title":{"rendered":"Tok Tok"},"content":{"rendered":"<p>Die Tok Tok\u00b4s oder Bambusklapper werden aus Bambus gefertigt. Verschiedene Gr\u00f6\u00dfen in Durchmesser und L\u00e4nge ergeben unterschiedliche T\u00f6ne. Zwei aufeinander abgestimmte Klapper f\u00f6rdern im Wechselspiel die Koordination und Konzentration. Sie werden gerne als Paar in der musikalischen Fr\u00fcherziehung als auch als Begleitung eingesetzt. Ein einzelnes eignet sich hervorragend f\u00fcr Babys und Kleinkinder.<\/p>\n<p>Klangbeispiel:<\/p>\n<audio class=\"wp-audio-shortcode\" id=\"audio-58-1\" preload=\"none\" style=\"width: 100%;\" controls=\"controls\"><source type=\"audio\/mpeg\" src=\"https:\/\/shop.klangkling.at\/wp-content\/uploads\/2020\/12\/Bambusklapper.mp3?_=1\" \/><a href=\"https:\/\/shop.klangkling.at\/wp-content\/uploads\/2020\/12\/Bambusklapper.mp3\">https:\/\/shop.klangkling.at\/wp-content\/uploads\/2020\/12\/Bambusklapper.mp3<\/a><\/audio>\n","protected":false},"excerpt":{"rendered":"<p>Die Tok Tok\u00b4s oder Bambusklapper werden aus Bambus gefertigt. Verschiedene Gr\u00f6\u00dfen in Durchmesser und L\u00e4nge ergeben unterschiedliche T\u00f6ne. Zwei aufeinander abgestimmte Klapper f\u00f6rdern im Wechselspiel die Koordination und Konzentration. Sie werden gerne als Paar in der musikalischen Fr\u00fcherziehung als auch als Begleitung eingesetzt. Ein einzelnes eignet sich hervorragend f\u00fcr Babys und Kleinkinder. Klangbeispiel:<\/p>\n","protected":false},"featured_media":60,"comment_status":"open","ping_status":"closed","template":"","meta":[],"product_brand":[],"product_cat":[15],"product_tag":[56,53,54,52,39,55],"class_list":{"0":"post-58","1":"product","2":"type-product","3":"status-publish","4":"has-post-thumbnail","6":"product_cat-rhythmusinstrumente","7":"product_tag-babyrassel","8":"product_tag-bambusklapper","9":"product_tag-holzrassel","10":"product_tag-kinderinstrument","11":"product_tag-kinderrassel","12":"product_tag-specht","14":"first","15":"instock","16":"shipping-taxable","17":"purchasable","18":"product-type-simple"},"_links":{"self":[{"href":"https:\/\/shop.klangkling.at\/index.php\/wp-json\/wp\/v2\/product\/58","targetHints":{"allow":["GET"]}}],"collection":[{"href":"https:\/\/shop.klangkling.at\/index.php\/wp-json\/wp\/v2\/product"}],"about":[{"href":"https:\/\/shop.klangkling.at\/index.php\/wp-json\/wp\/v2\/types\/product"}],"replies":[{"embeddable":true,"href":"https:\/\/shop.klangkling.at\/index.php\/wp-json\/wp\/v2\/comments?post=58"}],"wp:featuredmedia":[{"embeddable":true,"href":"https:\/\/shop.klangkling.at\/index.php\/wp-json\/wp\/v2\/media\/60"}],"wp:attachment":[{"href":"https:\/\/shop.klangkling.at\/index.php\/wp-json\/wp\/v2\/media?parent=58"}],"wp:term":[{"taxonomy":"product_brand","embeddable":true,"href":"https:\/\/shop.klangkling.at\/index.php\/wp-json\/wp\/v2\/product_brand?post=58"},{"taxonomy":"product_cat","embeddable":true,"href":"https:\/\/shop.klangkling.at\/index.php\/wp-json\/wp\/v2\/product_cat?post=58"},{"taxonomy":"product_tag","embeddable":true,"href":"https:\/\/shop.klangkling.at\/index.php\/wp-json\/wp\/v2\/product_tag?post=58"}],"curies":[{"name":"wp","href":"https:\/\/api.w.org\/{rel}","templated":true}]}}